 ((-198)/55)/((-6)/40). Suppose k = 2*z - 0*z + v, k = -4*z + 24. Calculate the greatest common divisor of k and 12.
12
Let h(u) = 4*u + 8. Let o be h(7). Suppose 5*j + 4*m - 56 = j, 5*m = -4*j + 60. Let c be j + (0 - -2*1). Calculate the greatest common factor of o and c.
12
Let b be 1 - (3 + 3 + -3). Let o be b/(-7) + (-496)/(-28). Suppose 0 = n + n - 324. What is the highest common factor of o and n?
18
Suppose -i - 1 = 2*o - 3, 25 = -5*o. What is the highest common divisor of i and 8?
4
Let i = -3 - -6. Suppose 5*b = i*b. Suppose b = -4*r - r + 80. What is the highest common divisor of r and 176?
16
Let q = 16 - -16. Let l(d) = 7*d**2 + 3*d. Let j be l(-2). Let p = 26 + j. What is the greatest common factor of p and q?
16
Suppose -4*g + 3*g - 4*u + 32 = 0, 2*g - 2*u - 64 = 0. Calculate the greatest common divisor of 4 and g.
4
Let v(f) = 27*f**2 + f + 2. Let j be v(2). Suppose 0*g = -2*g + j. Suppose 0 = u - 0*b - b - 12, b + 44 = 5*u. Calculate the greatest common factor of u and g.
8
Suppose 2*g = i + 92 - 33, 2*i = -2*g + 74. Calculate the highest common factor of g and 224.
32
Let b(m) = m**3 + 7*m**2 + 6*m - 4. Let p be b(-6). Let i = p + 3. Let k be 14*(-3 - -2)*i. What is the greatest common factor of k and 112?
14
Let d be (-1142)/(2/(-2 - -1)). Suppose -3*p + d - 130 = 0. What is the greatest common divisor of p and 21?
21
Let q be -3 - 3/(-3)*83. Calculate the greatest common divisor of q and 16.
16
Let r = -20 - -35. Let h = r + -11. Let y be (-15)/(-21) - 4/(-14). What is the highest common factor of y and h?
1
Let p be 8/4 + (1 - -18). What is the greatest common divisor of 21 and p?
21
Let p = 15 + -21. Let u be p/(-33) - (-216)/22. Calculate the greatest common factor of u and 80.
10
Let z = 15 - 8. Suppose -5*m + 4*q - 18 = -103, 0 = -3*q + 15. What is the highest common divisor of m and z?
7
Let q(j) = -j**3 - 11*j**2 - 9*j + 13. Let l = -40 - -26. Let u be 1 + (l + 3 - 0). Let i be q(u). Calculate the highest common divisor of i and 15.
3
Suppose 4*a + 5*n = -21, 3*a - 6*n = -2*n + 23. Calculate the greatest common divisor of a and 11.
1
Suppose d + 1848 = 4*d. Calculate the greatest common factor of 56 and d.
56
Let o(w) = 7*w - 9. Suppose t - 13 = -4. Let g be o(t). What is the highest common divisor of 6 and g?
6
Suppose 146 + 94 = 2*j. Calculate the greatest common factor of 15 and j.
15
Suppose -5*i + 2*q + 24 = 0, 2*i = -3*q - 2*q + 27. Suppose 4*y + 140 = i*y. Calculate the greatest common factor of y and 14.
14
Suppose 0 = 4*v + 2*v - 108. Suppose -5*r - 272 = -992. What is the highest common factor of r and v?
18
Let a = 17 - 13. Suppose -12 = -2*q - a*h, -2*h = -2*q - 4*h + 8. Calculate the highest common factor of 2 and q.
2
Suppose -20 = -5*w, 5*w - 38 = -3*v - 0*v. Let x be (-1 - -6) + (4 - v). Suppose -5*i = 5, -32 = -x*u + u - 2*i. What is the greatest common factor of u and 85?
17
Let m(p) = 10*p**2 - 7*p + 6. Let l be m(1). Suppose -b - 5*f = -29, -4*f + 34 = b + b. Calculate the greatest common factor of b and l.
9
Let y(q) = -q**3 - 6*q**2 + q + 6. Let l be y(-6). Suppose -2*s - 3*s + 800 = l. Suppose -i = i - s. What is the greatest common factor of i and 32?
16
Let f be 18/12*4/3. Let m be (3 - f) + -2 - -11. What is the greatest common factor of 25 and m?
5
Let b(q) = -q**3 + 9*q**2 - 10*q - 6. Let y be b(8). Let t = 3 - y. Calculate the greatest common divisor of 50 and t.
25
Let w(l) = -l + 10. Suppose 0 = 8*x - 4*x - 20. Let a be w(x). Suppose -7 = -a*n + 23. Calculate the highest common divisor of n and 48.
6
Let i(p) = p. Let m be i(7). Calculate the greatest common factor of 21 and m.
7
Let k(t) = 7*t - 7. Let d be k(6). What is the greatest common factor of 5 and d?
5
Suppose 0 = -b - 0*b + 1. Let u be (4/(-4))/(b/(-10)). What is the highest common divisor of u and 20?
10
Let h = 12 - 29. Let n be -1 - 1 - (h - -1). Let s be (-24)/(-9)*(-21)/(-2). Calculate the greatest common divisor of s and n.
14
Let f = -14 - -50. Let y(n) = n**2 - 13*n - 6. Let u be y(14). Let z = u - 4. Calculate the greatest common divisor of z and f.
4
Let g be (-12)/(-30) + (-136)/(-10). What is the greatest common divisor of 154 and g?
14
Let f(d) = -20*d**3 + 6*d**2 + 5*d - 2. Let g(w) = -w**2 - w. Let j(t) = f(t) + 6*g(t). Let u be j(-2). What is the greatest common divisor of u and 20?
20
Suppose 0 = 4*d - 27 - 25. Let n = -9 + d. Calculate the highest common factor of 16 and n.
4
Let m(q) = -4*q. Let h be m(-2). Let l(w) = w**3 + 12*w**2 - 2*w + 8. Let g be l(-12). Calculate the highest common divisor of g and h.
8
Let f be (-646)/16 + 15/40. Let z = f + 58. Calculate the greatest common divisor of 126 and z.
18
Suppose -4*v = 18 - 38. Suppose -15 + v = 2*q, 0 = 5*n - 5*q - 45. Calculate the greatest common factor of 8 and n.
4
Let i be 1 + (37 - -4) + -4. What is the highest common factor of i and 342?
38
Let y be (4/36*-15)/(2/(-6)). Suppose 5*q = 24 + 1. Calculate the highest common factor of y and q.
5
Let j = -26 + 28. Calculate the highest common factor of 22 and j.
2
Let c be 3 - (1 + 1 + -4). Calculate the greatest common divisor of c and 55.
5
Let l be (-2)/(2 - (-43)/(-22)). Suppose 4*v - 9*v = -10. Let i be l/6*(-3)/v. Calculate the greatest common divisor of 11 and i.
11
Let n(v) be the third derivative of -7*v**4/24 + v**3/3 + 6*v**2. Let s be n(-1). Calculate the greatest common factor of s and 6.
3
Let q = -33 - -75. What is the greatest common factor of 21 and q?
21
Suppose 5*m + 8 = 83. Let l(s) = 2*s**2 - 11*s + 11. Let i be l(5). What is the greatest common divisor of i and m?
3
Let p be 38*2*1/4. Suppose -133 = -n - b - 0*b, 3*n + 2*b = 399. What is the highest common divisor of p and n?
19
Let l(b) = 2*b + 9. Let f be l(9). What is the highest common factor of f and 18?
9
Suppose 0 = -3*w + 2*w + 7. Let k = w + 6. Let y = 16 + -3. Calculate the highest common factor of y and k.
13
Suppose -2*f - 3*f + 375 = 0. Suppose 2*o - f = -o. Let u(n) = 2*n**2 + 9*n - 10. Let w be u(-10). What is the greatest common divisor of w and o?
25
Let y = 4 - 8. Let f be (10/6)/(y/(-24)). What is the greatest common divisor of f and 10?
10
Suppose x + 27 = 4*t - 38, 4*x = -4*t + 60. What is the highest common divisor of t and 24?
8
Suppose 4*a - 180 = a. Suppose 0 = -0*y - 3*y + 2*r - 79, -2*r = -4*y - 102. Let u = y - -35. What is the highest common factor of u and a?
12
Suppose 4*f + 4*u - 18 = f, -4*u + 20 = 4*f. Let g be 1*f*(2 + 1). Calculate the highest common factor of g and 6.
6
Let p = 4 + -3. Let d be 11 + (1 - (1 + p)). Let g be 150/(-4)*(-12)/5. What is the highest common factor of d and g?
10
Let l = 19 + 10. What is the highest common divisor of 29 and l?
29
Let s(l) be the second derivative of -l**5/20 - l**4/12 - l**3/3 + l**2/2 - 8*l. Let h be s(-2). What is the greatest common divisor of h and 9?
9
Let b be (7/3)/((-318)/(-63) + -5). Calculate the highest common divisor of b and 7.
7
Suppose f - v - 32 = 2*v, 4*v + 58 = 2*f. Suppose -2*w + 11 = -f. Suppose 56 = 3*j + w. Calculate the greatest common factor of j and 65.
13
Let m(n) = -n - 11. Let c be m(-6). Let u(o) = -o - 6. Let d be u(c). Let s be (d + 4)*10/3. Calculate the highest common factor of 110 and s.
10
Let l = -235 + 393. Let h = l + -86. What is the highest common divisor of 8 and h?
8
Let t = 109 + -81. What is the greatest common factor of 252 and t?
28
Suppose -3 = l + 3*a, -1 = -0*a + a. Suppose 6*m - 2*m - 308 = l. Let n(s) = 3*s**2 - 1. Let v be n(-2). What is the highest common divisor of v and m?
11
Let d(m) = -m - 4. Let u(f) = -f - 4. Let x(r) = -3*d(r) + 2*u(r). Let t be x(-5). Let s be (t - -4) + 8 + 0. What is the greatest common divisor of s and 22?
11
Let k = 47 + -41. What is the highest common factor of k and 42?
6
Let k(g) be the third derivative of -g**5/60 + g**4/4 + g**3/2 + g**2. Let s be 2/5*(19 + -4). Let i be k(s). What is the greatest common divisor of i and 12?
3
Suppose 2*d + 3 = 81. Suppose 0*j + 2*k - 77 = -j, 0 = -5*j + k + 341. Let a = j - 43. Calculate the highest common divisor of d and a.
13
Let i = -9 - -14. Suppose -3*g - l + 34 = 4*l, i*l = -5*g + 40. Let w = -344 + 377. Calculate the greatest common factor of w and g.
3
Let m = 6 - 4. Suppose g - 5*h = -0*h - 3, m*h + 8 = 5*g. Calculate 